{"id":181,"date":"2025-12-17T11:14:01","date_gmt":"2025-12-17T11:14:01","guid":{"rendered":"https:\/\/kalwariamtb.bckl.cc\/?page_id=181"},"modified":"2026-03-16T15:48:35","modified_gmt":"2026-03-16T14:48:35","slug":"trasa","status":"publish","type":"page","link":"https:\/\/kalwariamtb.bckl.cc\/?page_id=181","title":{"rendered":"Trasa"},"content":{"rendered":"\t\t<div data-elementor-type=\"wp-page\" data-elementor-id=\"181\" class=\"elementor elementor-181\" data-elementor-post-type=\"page\">\n\t\t\t\t<div class=\"elementor-element elementor-element-3e240b0 e-flex e-con-boxed e-con e-parent\" data-id=\"3e240b0\" data-element_type=\"container\" data-e-type=\"container\" data-settings=\"{&quot;background_background&quot;:&quot;classic&quot;,&quot;shape_divider_top&quot;:&quot;pyramids&quot;,&quot;shape_divider_bottom&quot;:&quot;pyramids&quot;}\">\n\t\t\t\t\t<div class=\"e-con-inner\">\n\t\t\t\t<div class=\"elementor-shape elementor-shape-top\" aria-hidden=\"true\" data-negative=\"false\">\n\t\t\t<svg xmlns=\"http:\/\/www.w3.org\/2000\/svg\" viewBox=\"0 0 1000 100\" preserveAspectRatio=\"none\">\n\t<path class=\"elementor-shape-fill\" d=\"M761.9,44.1L643.1,27.2L333.8,98L0,3.8V0l1000,0v3.9\"\/>\n<\/svg>\t\t<\/div>\n\t\t\t\t<div class=\"elementor-shape elementor-shape-bottom\" aria-hidden=\"true\" data-negative=\"false\">\n\t\t\t<svg xmlns=\"http:\/\/www.w3.org\/2000\/svg\" viewBox=\"0 0 1000 100\" preserveAspectRatio=\"none\">\n\t<path class=\"elementor-shape-fill\" d=\"M761.9,44.1L643.1,27.2L333.8,98L0,3.8V0l1000,0v3.9\"\/>\n<\/svg>\t\t<\/div>\n\t\t\t\t<div class=\"elementor-element elementor-element-223b66b elementor-invisible elementor-widget elementor-widget-text-editor\" data-id=\"223b66b\" data-element_type=\"widget\" data-e-type=\"widget\" data-settings=\"{&quot;_animation&quot;:&quot;fadeInLeft&quot;}\" data-widget_type=\"text-editor.default\">\n\t\t\t\t\t\t\t\t\t<h5>Trasa Kalwaria MTB Marathon<\/h5>\t\t\t\t\t\t\t\t<\/div>\n\t\t\t\t<div class=\"elementor-element elementor-element-3f61493 animated-slow elementor-invisible elementor-widget elementor-widget-text-editor\" data-id=\"3f61493\" data-element_type=\"widget\" data-e-type=\"widget\" data-settings=\"{&quot;_animation&quot;:&quot;fadeIn&quot;}\" data-widget_type=\"text-editor.default\">\n\t\t\t\t\t\t\t\t\t<p data-start=\"131\" data-end=\"365\"><strong data-start=\"131\" data-end=\"156\">Kalwaria MTB Marathon<\/strong> to wyj\u0105tkowy wy\u015bcig stworzony <em data-start=\"187\" data-end=\"214\">przez kolarzy dla kolarzy<\/em>. To inicjatywa ludzi zwi\u0105zanych z G\u00f3r\u0105 Kalwari\u0105, kt\u00f3ra poprowadzi zawodnik\u00f3w przez najpi\u0119kniejsze i najbardziej malownicze tereny Gminy G\u00f3ra Kalwaria.<\/p>\t\t\t\t\t\t\t\t<\/div>\n\t\t\t\t<div class=\"elementor-element elementor-element-c39fa75 animated-slow elementor-invisible elementor-widget elementor-widget-text-editor\" data-id=\"c39fa75\" data-element_type=\"widget\" data-e-type=\"widget\" data-settings=\"{&quot;_animation&quot;:&quot;fadeIn&quot;}\" data-widget_type=\"text-editor.default\">\n\t\t\t\t\t\t\t\t\t<p data-start=\"367\" data-end=\"415\">Uczestnicy b\u0119d\u0105 rywalizowa\u0107 na dw\u00f3ch dystansach:<\/p>\t\t\t\t\t\t\t\t<\/div>\n\t\t<div class=\"elementor-element elementor-element-c537ba2 e-con-full e-flex e-con e-child\" data-id=\"c537ba2\" data-element_type=\"container\" data-e-type=\"container\" data-settings=\"{&quot;background_background&quot;:&quot;classic&quot;}\">\n\t\t<div class=\"elementor-element elementor-element-b63170c e-con-full e-flex elementor-invisible e-con e-child\" data-id=\"b63170c\" data-element_type=\"container\" data-e-type=\"container\" data-settings=\"{&quot;background_background&quot;:&quot;classic&quot;,&quot;animation&quot;:&quot;zoomIn&quot;}\">\n\t\t\t\t<div class=\"elementor-element elementor-element-58296b2 elementor-widget elementor-widget-text-editor\" data-id=\"58296b2\" data-element_type=\"widget\" data-e-type=\"widget\" data-widget_type=\"text-editor.default\">\n\t\t\t\t\t\t\t\t\t<p><strong data-start=\"418\" data-end=\"427\">Sport<\/strong><\/p>\t\t\t\t\t\t\t\t<\/div>\n\t\t\t\t<div class=\"elementor-element elementor-element-736e529 elementor-widget elementor-widget-text-editor\" data-id=\"736e529\" data-element_type=\"widget\" data-e-type=\"widget\" data-widget_type=\"text-editor.default\">\n\t\t\t\t\t\t\t\t\t<p>d\u0142u\u017csza i bardziej wymagaj\u0105ca trasa, dedykowana do\u015bwiadczonym zawodnikom MTB oraz ambitnym amatorom<\/p><p><strong>dystans 40 &#8211; 50 km<\/strong><\/p>\t\t\t\t\t\t\t\t<\/div>\n\t\t\t\t<\/div>\n\t\t<div class=\"elementor-element elementor-element-752ad27 e-con-full e-flex elementor-invisible e-con e-child\" data-id=\"752ad27\" data-element_type=\"container\" data-e-type=\"container\" data-settings=\"{&quot;background_background&quot;:&quot;classic&quot;,&quot;animation&quot;:&quot;zoomIn&quot;}\">\n\t\t\t\t<div class=\"elementor-element elementor-element-4a9d52f elementor-widget elementor-widget-text-editor\" data-id=\"4a9d52f\" data-element_type=\"widget\" data-e-type=\"widget\" data-widget_type=\"text-editor.default\">\n\t\t\t\t\t\t\t\t\t<p><strong data-start=\"533\" data-end=\"543\">Amator<\/strong><\/p>\t\t\t\t\t\t\t\t<\/div>\n\t\t\t\t<div class=\"elementor-element elementor-element-4bab62e elementor-widget elementor-widget-text-editor\" data-id=\"4bab62e\" data-element_type=\"widget\" data-e-type=\"widget\" data-widget_type=\"text-editor.default\">\n\t\t\t\t\t\t\t\t\t<p>kr\u00f3tszy dystans, idealny dla os\u00f3b, kt\u00f3re chc\u0105 po raz pierwszy spr\u00f3bowa\u0107 swoich si\u0142 w wy\u015bcigu rowerowym<\/p><p><strong>dystans 10 &#8211; 15 km<\/strong><\/p>\t\t\t\t\t\t\t\t<\/div>\n\t\t\t\t<\/div>\n\t\t\t\t<\/div>\n\t\t\t\t<div class=\"elementor-element elementor-element-d75994c animated-slow elementor-invisible elementor-widget elementor-widget-text-editor\" data-id=\"d75994c\" data-element_type=\"widget\" data-e-type=\"widget\" data-settings=\"{&quot;_animation&quot;:&quot;fadeIn&quot;}\" data-widget_type=\"text-editor.default\">\n\t\t\t\t\t\t\t\t\t<p data-start=\"653\" data-end=\"778\">Dodatkowo przygotujemy wy\u015bcigi dla najm\u0142odszych oraz liczne atrakcje towarzysz\u0105ce \u2013 konkursy, gry i zabawy dla ca\u0142ych rodzin.<\/p>\t\t\t\t\t\t\t\t<\/div>\n\t\t\t\t<div class=\"elementor-element elementor-element-fdcb46f animated-slow elementor-invisible elementor-widget elementor-widget-text-editor\" data-id=\"fdcb46f\" data-element_type=\"widget\" data-e-type=\"widget\" data-settings=\"{&quot;_animation&quot;:&quot;fadeIn&quot;}\" data-widget_type=\"text-editor.default\">\n\t\t\t\t\t\t\t\t\t<p data-start=\"653\" data-end=\"778\">Ostateczny przebieg tras oraz profile GPX podamy najp\u00f3\u017aniej 7 dni przed wy\u015bcigiem.<\/p>\t\t\t\t\t\t\t\t<\/div>\n\t\t\t\t\t<\/div>\n\t\t\t\t<\/div>\n\t\t\t\t<\/div>\n\t\t","protected":false},"excerpt":{"rendered":"<p>Trasa Kalwaria MTB Marathon Kalwaria MTB Marathon to wyj\u0105tkowy wy\u015bcig stworzony przez kolarzy dla kolarzy. To inicjatywa ludzi zwi\u0105zanych z G\u00f3r\u0105 Kalwari\u0105, kt\u00f3ra poprowadzi zawodnik\u00f3w przez najpi\u0119kniejsze i najbardziej malownicze tereny Gminy G\u00f3ra Kalwaria. Uczestnicy b\u0119d\u0105 rywalizowa\u0107 na dw\u00f3ch dystansach: Sport d\u0142u\u017csza i bardziej wymagaj\u0105ca trasa, dedykowana do\u015bwiadczonym zawodnikom MTB oraz ambitnym amatorom dystans 40 [&hellip;]<\/p>\n","protected":false},"author":1,"featured_media":0,"parent":0,"menu_order":0,"comment_status":"closed","ping_status":"closed","template":"","meta":{"footnotes":""},"class_list":["post-181","page","type-page","status-publish","hentry"],"_links":{"self":[{"href":"https:\/\/kalwariamtb.bckl.cc\/index.php?rest_route=\/wp\/v2\/pages\/181","targetHints":{"allow":["GET"]}}],"collection":[{"href":"https:\/\/kalwariamtb.bckl.cc\/index.php?rest_route=\/wp\/v2\/pages"}],"about":[{"href":"https:\/\/kalwariamtb.bckl.cc\/index.php?rest_route=\/wp\/v2\/types\/page"}],"author":[{"embeddable":true,"href":"https:\/\/kalwariamtb.bckl.cc\/index.php?rest_route=\/wp\/v2\/users\/1"}],"replies":[{"embeddable":true,"href":"https:\/\/kalwariamtb.bckl.cc\/index.php?rest_route=%2Fwp%2Fv2%2Fcomments&post=181"}],"version-history":[{"count":193,"href":"https:\/\/kalwariamtb.bckl.cc\/index.php?rest_route=\/wp\/v2\/pages\/181\/revisions"}],"predecessor-version":[{"id":2971,"href":"https:\/\/kalwariamtb.bckl.cc\/index.php?rest_route=\/wp\/v2\/pages\/181\/revisions\/2971"}],"wp:attachment":[{"href":"https:\/\/kalwariamtb.bckl.cc\/index.php?rest_route=%2Fwp%2Fv2%2Fmedia&parent=181"}],"curies":[{"name":"wp","href":"https:\/\/api.w.org\/{rel}","templated":true}]}}